 21 is divided by d(i)?
0
Let s(n) = 2*n - 1. Suppose -54*x + 64*x + 1610 = 0. Let t = x - -195. What is the remainder when t is divided by s(7)?
8
Let n be 1*(-2)/4*(-9688)/28. Suppose 2*m = 2, -v + 727 - n = 5*m. Calculate the remainder when v is divided by 23.
20
Let d(f) = f**2 - 8. Let w(u) = -u**3 + 17*u**2 + 16*u + 66. What is the remainder when w(18) is divided by d(-5)?
13
Let o = -3 - -8. Suppose 6 = 2*u + b + 3*b, -u - 3*b - 1 = 0. Let d = u - -22. Calculate the remainder when d is divided by o.
3
Let o(q) = 3*q**2 - q - 1. Let k be o(-1). Let i(p) = 5*p**2 + 2*p - 3. Calculate the remainder when i(k) is divided by ((-152)/988)/(2/(-130)).
8
Suppose 2*x + 13 - 29 = 0. Calculate the remainder when (-1 + 0)/((-1)/143) is divided by 1617/44 + (-6)/x.
35
Suppose 5 = -5*q - 0, 0 = 2*u + 3*q - 3. Suppose -5*y + 5*z - 5 = 0, -4*z + 9 = -z. Suppose 0 = -5*w + 7*w - y. What is the remainder when u is divided by w?
0
Let o(n) = -2*n**3 + 168*n**2 - 126*n - 3104. What is the remainder when 4748 is divided by o(83)?
212
Let r be (-18)/(-36) + (-13)/(-2). Suppose 2*s = o + 252, -2*o = -5*s + r*s - 246. What is the remainder when s is divided by 63?
62
Suppose 3*u - 5*r = 2367, -23*r + 27*r = 0. What is the remainder when u is divided by 263?
0
Suppose -13*i = 68*i - 13041. Calculate the remainder when i is divided by 105.
56
Suppose -376*g = -359*g - 68. Let v = 58 - 38. Suppose g*f - v = 72. What is the remainder when f is divided by 10?
3
Let x(i) = 93*i**3 - 2*i**2 + i + 2. Let h be x(-1). Let v = h + 127. What is the remainder when v is divided by (-2 - -4)/((-2)/(-19))?
14
Calculate the remainder when 1/(-18*(-14)/231840) is divided by 58.
50
Let o(i) = 2*i**3 + 7*i**2 - 92*i + 1. What is the remainder when o(10) is divided by 119?
115
Suppose 0 = 27*k - 37*k + 2000. Let b = k + -193. Calculate the remainder when 10 is divided by b.
3
Suppose 119*d - 5280 = 103*d. Calculate the remainder when 671 is divided by d.
11
Suppose -5*x - 135 = 5*i, 0*x - 2*i = -x - 12. Suppose -2*a + 41 = -21. Let k = a + x. Calculate the remainder when 26 is divided by k.
8
Let r(w) = 10*w + 15. Calculate the remainder when r(12) is divided by (0 + -1 - -25)*490/1470.
7
Let h = 112 - 111. Let i be 292/(-8) - h/(-2). Calculate the remainder when 53 is divided by i/(-6 - -3) - (2 + 1).
8
Let o = -2955 - -2984. What is the remainder when o is divided by 11?
7
Let j(t) = t**2 - 6*t - 28. Let f be j(9). Let g = f - -15. Suppose 12*v = g*v - 78. Calculate the remainder when 75 is divided by v.
36
Let u(s) = 25*s + 17. Let n be u(14). Let x = 374 - n. What is the remainder when 11 is divided by x?
4
Suppose -27*r + 1737 - 657 = 0. Suppose -4*w - 12 = -2*u - 6*w, 4*w = -3*u + 18. Calculate the remainder when r is divided by u.
4
Let m(l) = 19*l**2 - 18*l. Suppose -3*s + 4*x - x = -18, -2*x + 6 = 0. Let t be m(s). What is the remainder when t/(-17)*(-2)/3 is divided by 11?
10
Let m = 49 + -41. Let h(c) = -4*c + 46. Let t be h(m). Suppose z + 2 - t = -q, 4*z - 40 = -3*q. What is the remainder when 31 is divided by q?
7
Let g(v) = v**3 + 26*v**2 + 5. Let j be g(-26). Suppose j*i - 3*i = 322. What is the remainder when i is divided by 18?
17
Let t(o) = 20*o**2 + 124*o - 491. Let r(q) = -6*q - 23. Calculate the remainder when t(4) is divided by r(-13).
50
Let u(d) = -d + 8. Let m be u(10). Let y(v) = -v**2 + 2*v + 1. Let h be y(m). What is the remainder when (70/15)/h*-153 is divided by 21?
18
Let q(c) = -c**3 - c**2 + 2*c + 6. Suppose 1390*t - 941*t = 14817. What is the remainder when q(-5) is divided by t?
30
Let a(k) = 4*k - 1. Calculate the remainder when a(2) is divided by 35/15*(2145/(-77))/(-13).
2
Let x be ((-20)/(-2))/(18/27). Suppose x*k = 12*k + 6. Suppose 0 = -4*u + z + 71, u + 0*u + k*z - 20 = 0. What is the remainder when 71 is divided by u?
17
What is the remainder when 250 is divided by -4*2/48 + ((-3316)/(-24) - 4)?
116
Let w = 36592 + -36463. What is the remainder when w is divided by 51?
27
Let p be 2/8 + (-3)/12. Suppose 7*k + 108 - 45 = 0. Calculate the remainder when (0 + -2)*k + p is divided by 10.
8
Suppose -3*y = 3*j - 657, 0 = -5*j - y + 118 + 989. What is the remainder when 896 is divided by j?
8
Let c = -11822 + 14179. What is the remainder when c is divided by 12?
5
Let x be 68 + -8 + -5 + 8. Suppose d - 180 = -4*r, -4*d - x - 97 = -4*r. What is the remainder when r is divided by 21?
2
Suppose 0 = -3*a + c + 70, 0 = -0*a + 5*a - c - 116. Suppose 115*f - 115*f - 3484 = -52*f. Calculate the remainder when f is divided by a.
21
Let j = 10154 + -8657. Calculate the remainder when j is divided by 75.
72
Let d(q) = 17*q**2 + 2*q. Suppose 1079 = 4*h - 185. Suppose h - 73 = 9*y. Calculate the remainder when d(3) is divided by y.
24
Let d(p) = -p**3 + 10*p**2 + 6*p - 115. Calculate the remainder when 77 is divided by d(9).
17
Suppose 0 = 3*j - 5*v + 5, -4 = 12*j - 11*j - 4*v. Suppose 2*i + 2*a - 100 + 0 = 0, j = 2*a - 10. What is the remainder when i is divided by 17?
11
Let y be (-1 + 0)/((-3)/(-231)). Let b = y + 183. Calculate the remainder when b is divided by 35.
1
Let p(l) = 7*l**2 + 8*l + 18. Let i be p(10). Let y = -549 + i. Calculate the remainder when y is divided by 50.
49
Suppose -2*u - 69*u = 402 - 2887. Calculate the remainder when 332 is divided by u.
17
Let h(s) = -s**3 - 14*s**2 + s - 13. Let n(g) = g**2 - g. Let i = 39 - 40. Let u(y) = i*h(y) + 2*n(y). What is the remainder when u(-16) is divided by 32?
29
Let o = 34587 + -26590. What is the remainder when o is divided by 5?
2
Let n = -14119 - -14404. Calculate the remainder when n is divided by 125.
35
Let w = 102 - 65. Calculate the remainder when 34*40/((-2080)/(-338)) is divided by w.
36
Let i(w) = 2*w**2 - 236*w + 1371. What is the remainder when 538 is divided by i(6)?
25
Let m(f) = 28*f**2 - 46*f - 14. Calculate the remainder when m(-4) is divided by 69.
66
Let t(h) = -3*h**2 - 3 + h**3 + 6*h + 0 + 13*h**2. Let g(a) = 2*a**3 + 7*a**2 + 10*a - 1. Let u be g(-2). Calculate the remainder when 47 is divided by t(u).
23
Suppose -2*g + 2 = 0, 2*j = -40*g + 43*g + 499. Calculate the remainder when j is divided by 84.
83
Let p(x) = x**2 + 19*x + 29. Let b be p(-12). Let d = -53 - b. Suppose d*m - 9*m + 49 = 0. Calculate the remainder when m is divided by 2.
1
Let m = 141 + -80. Let g = 174 - m. Calculate the remainder when g is divided by 17.
11
Suppose -5 = 5*l + j, -7*j - 20 = 4*l - 3*j. Suppose 3*k + 328 = -l*w + 2*w, -4*w = -5*k - 656. Calculate the remainder when w is divided by 83.
81
Let q(i) = 8*i - 35. Let h be q(4). Let m(o) = -o**2 + 12*o. What is the remainder when ((-17)/h + -2)*(1 - -20) is divided by m(10)?
17
Let f(d) be the first derivative of -d**4/4 - 3*d**3 + 31*d**2/2 + 34*d - 48. Calculate the remainder when f(-12) is divided by 27.
13
What is the remainder when 143 is divided by (-8 + 4)*(-16 - (-195)/60)?
41
Suppose -407 = -6*d + 1057. Suppose 4*j + 0*j = d. Suppose -5*b + 4*q + j = 0, -2*b + 6*b = 4*q + 48. What is the remainder when 23 is divided by b?
10
Calculate the remainder when 117 is divided by (33 + -21)/((-11)/((-198)/8)).
9
Let h(i) = -12*i - 10 - 16 + 12*i**2 + 70 - 26. What is the remainder when h(2) is divided by 23?
19
Let w = 300 - 160. Suppose -2*a + 717*x + 81 = 716*x, -a + 5*x + 72 = 0. Calculate the remainder when w is divided by a.
29
Let w(s) = 479*s - 31117. Suppose 0*f - f = 4. Let i = 11 + f. Calculate the remainder when w(65) is divided by i.
4
Let m be ((-7 - -5)/(-10))/((-1)/(-10)). Suppose 4*g = m*u - 156, -11*u = -8*u - 4*g - 244. Calculate the remainder when u is divided by 8.
0
Suppose -x + 60*n = 65*n - 1822, n = 7. Calculate the remainder when 1789 is divided by x.
2
Let m(o) = 31*o**2 + 1115*o - 9. Suppose 3*a - 49 = 59. Suppose 5*j - 5*q - a = 4*j, 3*j - 44 = -q. Calculate the remainder when m(-36) is divided by j.
11
Let j = 4 - 4. Suppose j = -0*l + l. Suppose 0 = -2*k + k + 4*y + 35, -3*k + 5*y + 119 = l. Calculate the remainder when 126 is divided by k.
40
What is the remainder when (-5 - -1433) + 28/42*1*-3 is divided by 42?
40
Let h = 193 - 191. Suppose 6*b - 3*b = 4*f - 135, b = -h*f + 55. Suppose 8*k - 4*t = 3*k + 446, 3*k - 238 = -5*t. What is the remainder when k is divided by f?
26
Let c(i) = 0*i - 7*i**3 + 17*i**